 (base 16) to base 14
2547
6a1d (base 16) to base 8
65035
Convert 10aa (base 11) to base 5.
21301
Convert 5 (base 11) to base 8.
5
Convert -1d0 (base 14) to base 12.
-276
-33205 (base 6) to base 7
-16310
Convert 21120021 (base 4) to base 2.
1001011000001001
What is -1340 (base 6) in base 15?
-183
Convert 7400 (base 11) to base 14.
3801
Convert 7747 (base 10) to base 16.
1e43
Convert 62e (base 15) to base 11.
1058
Convert -325 (base 7) to base 9.
-204
Convert 1321a (base 11) to base 7.
106044
-3c8 (base 13) to base 6
-3035
What is -b (base 14) in base 5?
-21
-666 (base 8) to base 12
-306
Convert -1386 (base 10) to base 15.
-626
What is -304 (base 6) in base 2?
-1110000
What is -3003 (base 5) in base 3?
-112000
221220 (base 3) to base 12
4a3
Convert c7 (base 16) to base 15.
d4
What is -16370 (base 8) in base 15?
-22e6
What is -59c7 (base 16) in base 7?
-124002
Convert -1704 (base 14) to base 9.
-5577
-2a5 (base 16) to base 4
-22211
Convert 15400 (base 8) to base 11.
5214
What is 9004 (base 10) in base 8?
21454
What is 111001001001 (base 2) in base 7?
13443
Convert -4bb (base 13) to base 3.
-1010202
Convert 2200110 (base 3) to base 2.
11110100100
Convert 879c (base 15) to base 10.
28722
What is 6061 (base 13) in base 14?
4b93
Convert -13635 (base 8) to base 15.
-1bd0
-11221121 (base 3) to base 15
-1107
What is 1001101000 (base 2) in base 3?
211211
What is -1021 (base 3) in base 8?
-42
85a (base 16) to base 12
12a2
Convert -17b5a (base 14) to base 5.
-3403420
-66b (base 15) to base 12
-a0b
-1392 (base 15) to base 6
-31215
-5046 (base 11) to base 8
-15061
Convert -120201 (base 3) to base 5.
-3144
What is 9873 (base 12) in base 3?
212000220
Convert 2a4 (base 11) to base 6.
1352
What is 122000 (base 4) in base 16?
680
18 (base 11) to base 13
16
76042 (base 9) to base 11
34903
Convert 1329 (base 14) to base 15.
ee9
-354 (base 14) to base 9
-815
Convert 1200 (base 3) to base 13.
36
-32986 (base 12) to base 3
-10101222210
12331031 (base 4) to base 5
1402433
What is -b80 (base 14) in base 9?
-3100
What is 11321 (base 4) in base 12?
275
What is -1132300 (base 5) in base 7?
-115036
-a99 (base 14) to base 16
-82f
Convert -2312 (base 10) to base 14.
-bb2
What is cb0 (base 16) in base 8?
6260
What is -a1 (base 11) in base 9?
-133
What is ae (base 16) in base 10?
174
340 (base 7) to base 16
af
Convert -1d6d (base 16) to base 13.
-3576
What is 21022010 (base 3) in base 2?
1010011001010
-3dd5 (base 14) to base 6
-122435
Convert 14 (base 5) to base 9.
10
Convert 585 (base 12) to base 8.
1465
Convert -200100 (base 5) to base 13.
-2b19
Convert -4d5c (base 14) to base 4.
-3110212
-8759 (base 13) to base 9
-27745
What is -1b3 (base 12) in base 7?
-546
135202 (base 9) to base 6
1434045
What is -132 (base 15) in base 6?
-1132
Convert 36136 (base 7) to base 14.
358d
-bc5 (base 15) to base 6
-20152
-41 (base 12) to base 15
-34
Convert 3ab (base 13) to base 14.
344
What is 582 (base 11) in base 12?
49b
What is 7cb6 (base 13) in base 12?
a1b0
-31 (base 9) to base 14
-20
Convert -11001000001 (base 2) to base 5.
-22401
What is -3021122 (base 4) in base 11?
-9759
1640 (base 7) to base 16
299
What is -2111 (base 9) in base 12?
-a91
-115 (base 13) to base 11
-160
-26202 (base 11) to base 5
-2200022
Convert -161 (base 13) to base 6.
-1052
495 (base 12) to base 8
1261
Convert -1968a (base 12) to base 6.
-444254
What is -79238 (base 10) in base 11?
-54595
What is 4087 (base 9) in base 11?
2283
Convert -21500 (base 8) to base 16.
-2340
What is 882 (base 11) in base 7?
3041
What is -6654 (base 7) in base 4?
-211113
81b0 (base 13) to base 5
1033023
What is 1664 (base 8) in base 13?
57c
Convert -458 (base 14) to base 5.
-11422
Convert 1141 (base 9) to base 10.
847
Convert -6526 (base 10) to base 8.
-14576
What is -146054 (base 7) in base 11?
-1a467
Convert -2ad (base 14) to base 6.
-2305
What is 105543 (base 6) in base 9?
13380
What is -3211 (base 5) in base 3?
-120222
-471 (base 16) to base 11
-944
What is 215302 (base 7) in base 14?
db39
What is -1839 (base 16) in base 3?
-22111200
What is 1001101111110011 (base 2) in base 6?
504455
1789 (base 12) to base 11
2153
Convert -120d (base 15) to base 3.
-12021011
Convert 137042 (base 8) to base 7.
261623
-484 (base 16) to base 13
-6ac
What is -31 (base 14) in base 7?
-61
-91e5 (base 16) to base 9
-56208
What is -30684 (base 10) in base 4?
-13133130
What is -1200101012 (base 3) in base 10?
-33080
Convert -838 (base 15) to base 9.
-2478
What is 3db (base 16) in base 13?
5ac
Convert 6131 (base 8) to base 13.
1592
-a83 (base 14) to base 3
-2211212
Convert 9246 (base 13) to base 8.
47311
-4635 (base 10) to base 14
-1991
-1120112 (base 3) to base 10
-1148
Convert 469 (base 15) to base 5.
12444
Convert 102511 (base 7) to base 2.
100010101010010
What is 50327 (base 10) in base 2?
1100010010010111
-10111001 (base 2) to base 7
-353
What is db (base 14) in base 10?
193
What is -53107 (base 8) in base 11?
-1565a
What is -371 (base 9) in base 13?
-1a8
Convert 224 (base 7) to base 3.
11022
What is 5652 (base 12) in base 7?
36614
-110110011 (base 2) to base 8
-663
What is -7291 (base 10) in base 12?
-4277
58c8 (base 16) to base 5
1211403
Convert 8894 (base 10) to base 13.
4082
Convert -25151 (base 9) to base 13.
-78c7
1110010 (base 2) to base 14
82
128a (base 11) to base 10
1671
Convert -2233102 (base 4) to base 9.
-16344
-1011000110100000 (base 2) to base 15
-d717
-10100110101 (base 2) to base 14
-6b3
-582 (base 9) to base 15
-21e
Convert 210321 (base 4) to base 5.
33421
What is 5577 (base 8) in base 16?
b7f
What is -359 (base 11) in base 9?
-524
What is 1042 (base 10) in base 2?
10000010010
-10210221 (base 4) to base 12
-aa09
c1 (base 15) to base 5
1211
Convert 9634 (base 15) to base 2.
111110000011110
111122 (base 4) to base 14
6dc
What is 222010000 (base 3) in base 12?
b023
2215 (base 6) to base 15
245
-128570 (base 9) to base 3
-10222122100
Convert 1202103 (base 4) to base 7.
24225
Convert 12011321 (base 4) to base 7.
132515
11402 (base 5) to base 13
507
680 (base 9) to base 6
2330
Convert -6395 (base 11) to base 5.
-232303
What is 337 (base 9) in base 13?
184
Convert 3c44 (base 13) to base 10.
8675
Convert 671 (base 13) to base 11.
916
-17754 (base 8) to base 4
-1333230
32449 (base 11) to base 16
b812
f2 (base 16) to base 4
3302
What is 1543 (base 9) in base 13?
6c3
81b (base 15) to base 9
2448
2d7 (base 16) to base 7
2056
Convert -2852 (base 9) to base 4.
-201221
Convert 1131301 (base 6) to base 2.
1110010100010101
What is -30455 (base 6) in base 16?
-fe3
Convert 8151 (base 13) to base 5.
1032221
b8 (base 14) to base 12
116
Convert -1d1a0 (base 14) to base 9.
-123073
What is 10112 (base 3) in base 14?
6b
-36120 (base 7) to base 14
-3580
-12010 (base 6) to base 7
-5025
-1001010 (base 2) to base 5
-244
-5237 (base 12) to base 15
-29d1
21441 (base 7) to base 11
4042
120045 (base 7) to base 4
11102022
What is 2a91 (base 16) in base 3?
112221121
9eb (base 16) to base 6
15431
Convert 16044 (base 9) to base 10.
10975
What is 54352 (base 7) in base 8?
32371
Convert 31 (base 14) to base 11.
3a
Convert 2032131 (base 4) to base 6.
110113
Convert 28fd (base 16) to base 12.
60a5
What is 1d9d (base 14) in base 10?
5431
490 (base 10) to base 15
22a
1102314 (base 5) to base 4
10222030
-1760 (base 12) to base 3
-10212000
Convert -12001 (base 3) to base 6.
-344
What is -1134 (base 9) in base 12?
-5a1
What is -184 (base 16) in base 8?
-604
-660 (base 11) to base 9
-1070
Convert 32065 (base 11) to base 12.
23000
What is 1a36 (base 12) in base 16?
c8a
What is -1020 (base 3) in base 8?
-41
What is -7343 (base 11) in base 4?
-2113333
Convert -5903 (base 10) to base 3.
-22002122
What is -2126 (base 9) in base 15?
-6e3
Convert -1dd (base 15) to base 6.
-2001
Convert -2454 (base 6) to base 4.
-21202
What is 112001100 (base 3) in base 5?
311432
Convert -222 (base 5) to base 11.
-57
Convert 10443 (base 5) to base 12.
524
What is 23130 (base 5) in base 13?
9b1
Convert 23120 (base 4) to base 2.
1011011000
Convert -3412 (base 14) to base 15.
-2a22
What is -1b80 (base 14) in base 13?
-2387
Convert -7bb (base 14) to base 8.
-3001
What is 43 (base 14) in base 10?
59
Convert 21604 (base 9) to base 11.
a858
What is 5bb5 (base 13) in base 4?
3023000
Convert -102 (base 6) to bas